 when 24 is divided by ((4 - p)*3)/(-1)?
0
Let u(d) = -32*d - 136. Calculate the remainder when 391 is divided by u(-6).
55
Let f = 180 + -170. What is the remainder when 20 is divided by f?
0
Let n(t) = -7 + 13*t + 15 - 7. Suppose 0 = 2*s + 3*s + 4*a - 65, -3*s = -a - 56. Calculate the remainder when n(5) is divided by s.
15
Let m = 6 - -3. Let b(a) = -1. Let h(k) = -k - 15. Let t(z) = 18*b(z) - 2*h(z). What is the remainder when t(m) is divided by 8?
6
Let t = -60 + 75. Let d(p) = 47 - 4 + p + 15. Calculate the remainder when d(0) is divided by t.
13
Let f(y) = -y**2 - 12*y + 91. What is the remainder when 35 is divided by f(-17)?
5
Suppose 0 = -12*r + 338 - 122. Let a = 16 - 11. What is the remainder when r is divided by a?
3
Suppose -2*y + 1 = -9. Let l = y + 5. What is the remainder when 47 is divided by l?
7
Let v = -10 + 12. Suppose v*c + 2*c = -4. Calculate the remainder when (c - -5)*(-88)/(-32) is divided by 6.
5
What is the remainder when (52/10)/((-8)/(-160)) is divided by 27?
23
What is the remainder when 196 is divided by -2*(-6 - (-10)/2)?
0
Suppose -3*l - 24 = -4*x, -16 = -5*l + 5*x - 56. Let c(n) = -n**3 - 5*n**2 + 8*n - 9. What is the remainder when c(l) is divided by 30?
29
Let s(c) = c**3 + 5*c**2 + 2*c + 4. Calculate the remainder when 17 is divided by s(-4).
5
Let o = -93 + 560. Calculate the remainder when o is divided by 122.
101
Calculate the remainder when 34 is divided by (-16)/(-6)*(-45)/(-10).
10
Suppose -v = v + 36. Let k = v - -30. Suppose 2*f - 25 = -3*b, 2*f + 197*b = 200*b - 5. What is the remainder when k is divided by f?
2
What is the remainder when 21 is divided by ((-10)/(-5))/(((-16)/84)/(-2))?
0
Let s be 16/3 - (-1)/(-3). Suppose s = 4*v - 95. Suppose 0 = -2*w - 5*q - 7, 4*w + 3*q + 0*q - 21 = 0. What is the remainder when v is divided by w?
7
Let b(k) = -k**2 - 31*k + 11. Let i(l) = 3*l**2 + 94*l - 33. Let h(d) = 7*b(d) + 2*i(d). What is the remainder when h(-9) is divided by 32?
31
Let u = 16 + -11. Suppose 4*x + 4 = 0, u*x = -d + 4*x + 14. Let t = 16 + -10. Calculate the remainder when d is divided by t.
3
Suppose -4*x + 1246 = -a, -4*x = 3*a + 1625 + 2065. Suppose -12 = 4*k, 5*v + 21 = k + 179. What is the remainder when a/(-10) - 2/5 is divided by v?
30
Let w(n) = -n**2 - 9*n + 33. Let j(m) = 2 + 2*m - 4*m**2 + m**3 + 0*m**3 + 2*m**2. What is the remainder when w(-10) is divided by j(2)?
5
Let f(h) = h**3 + 10*h**2 - 8*h - 48. What is the remainder when 252 is divided by f(-10)?
28
Suppose g - 2*g = -113. Suppose -a + g = 51. Calculate the remainder when a is divided by 7.
6
Suppose -2*n + 41 = y, -5*y + 16 - 9 = -n. Calculate the remainder when n is divided by 11.
7
Suppose -2*j + u = 4*u - 225, -5*u - 347 = -3*j. Calculate the remainder when j is divided by (-1)/(-2)*-2*(-27 + 4).
22
Suppose h - 9 = 47. Let g be (24/(-27))/4 - 2690/45. Let t = 79 + g. Calculate the remainder when h is divided by t.
18
Let g = -218 - -93. Let d = -76 - g. Calculate the remainder when d is divided by 17.
15
Suppose 17*r = -6*r + 598. Suppose -168 - 20 = -4*n. Calculate the remainder when n is divided by r.
21
Suppose -5*j = -y - 0*y + 3, -y + j = -3. Suppose 5*k = 4*d + 212, 5*k - y*d + 22 = 236. What is the remainder when k is divided by 16?
12
Suppose -f + x - 1 = -8, -9 = f + 3*x. What is the remainder when 11 is divided by f?
2
Calculate the remainder when (-69690)/(-405) + 4/(-54) is divided by 11.
7
Suppose 0 = -8*a + 4*a + 104. Suppose -2*c + t = -128, -3*t + a = 2*c - 86. What is the remainder when c is divided by 5?
2
Let w = 40 + -10. Suppose -2*j - 2*j = 5*q - 313, -j = -2*q + 120. What is the remainder when q is divided by (-2)/((-4)/w) + 1?
13
Suppose 0*b - 9 = -b - 3*f, 5*f = -15. Suppose 5*u = 5*n + 20, 2*u + 3*n - 15 = b. Calculate the remainder when 25 is divided by u.
7
Suppose 2*x - 62 = x. Let b(z) = 14*z**3 - z**2 - z + 1. Let w be 3/(-7) + 180/126. Calculate the remainder when x is divided by b(w).
10
Let b = 30 - 55. Let a = b + 37. Let u = a + -2. What is the remainder when u is divided by 3?
1
Let s(a) = -34*a + 22. Let w(k) = -k - 1. Let v(f) = -s(f) - 10*w(f). Calculate the remainder when v(2) is divided by 26.
24
Suppose 2*f = -f + 15. Suppose 46 = f*h + j, 2*j + j - 21 = -2*h. What is the remainder when 32 is divided by h?
5
Let j(s) be the third derivative of -s**6/120 + s**5/15 + s**4/24 + s**3/2 - 31*s**2 - s. What is the remainder when 31 is divided by j(4)?
3
Let h = 1 - -9. Suppose 4*x = -14 - h. Let r(y) = y**3 + 7*y**2 + 6*y + 4. What is the remainder when 15 is divided by r(x)?
3
Let s = -21 - -25. Suppose -s*i + 85 = -o, 2*o + 15 = -2*i + 65. Calculate the remainder when i is divided by 12.
10
Suppose 17*k - 1217 = 483. Calculate the remainder when k is divided by 53.
47
Let r = -711 - -718. Suppose -35 = -p + 18. Calculate the remainder when p is divided by r.
4
Suppose -3*o - 700 = -5*o. Let a = 503 - o. Calculate the remainder when a is divided by 39.
36
Let q = -1205 - -1209. Calculate the remainder when 228 is divided by q.
0
Let q = -39 + 39. Suppose 0*u - 7*u + 175 = q. What is the remainder when 72 is divided by u?
22
Suppose -18 + 0 = -4*y + 2*o, -3*y - 2*o = -10. Calculate the remainder when 11*(2 + (3 - 4)) is divided by y.
3
Suppose -10 + 1 = -2*s - g, -8 = -3*s + 4*g. Calculate the remainder when (-2)/(-6)*(20 + 1) is divided by s.
3
Let k = 13 - 8. Suppose -k*b + 7 = -53. Suppose -47 = 2*f + 2*z - 101, f = -4*z + 9. What is the remainder when f is divided by b?
9
Let l = -857 - -889. Calculate the remainder when l is divided by (-6)/4 + (-185)/(-10).
15
Let t be 12 + -16 - (-25)/1. Suppose w - 2*i - 55 = 0, -4*w + 199 = -i - t. Let z = -8 - -22. What is the remainder when w is divided by z?
13
Calculate the remainder when (-5481)/(-18) - 1/(-2 + 4) is divided by 10.
4
Let p = -4 - -13. Let t be 1557/(-63) + (-4)/14. Let v = -10 - t. Calculate the remainder when v is divided by p.
6
Let b(w) = -w - 2. Let n(d) be the third derivative of 13*d**4/12 + d**3/6 - 4*d**2. Calculate the remainder when n(1) is divided by b(-9).
6
Let u(c) = -4*c + 9. Calculate the remainder when 74 is divided by u(1).
4
Let p(i) = 5*i**2 - 11*i + 11. What is the remainder when p(-4) is divided by 6?
3
Let u = 990 + -972. What is the remainder when 355 is divided by u?
13
Let k = 185 - 175. Let x = 103 - 15. What is the remainder when x is divided by k?
8
Let k(v) = v**3 + 2*v**2 - 2*v - 1. What is the remainder when (-43 - -1)/(42/(-28)) is divided by k(2)?
6
Let d = 726 - 653. What is the remainder when d is divided by 21?
10
Let t(o) = 21*o**2 + 6*o + 1. Calculate the remainder when t(-1) is divided by 5.
1
Let a(s) = -5*s**3 + 7*s**2 + 8*s + 5. Calculate the remainder when a(-2) is divided by 12.
9
Let b(k) = 24*k + 348. What is the remainder when 81 is divided by b(-14)?
9
Suppose -470 = -5*f + 3*r, -f - 2*r + 52 = -29. Let y be (-33)/(-4) + 3/(-12). Suppose 7*v = y*v - f. What is the remainder when v is divided by 23?
22
Suppose -v - 569 = 5*q + 408, -5*v - 181 = q. Let x = -175 - q. Calculate the remainder when 164 is divided by x.
17
Let n = -30 + 49. Suppose -5*z = -4*m + 20, -2*m + 10 = -12*z + 9*z. What is the remainder when n is divided by m?
4
Let k(z) = 2*z**2 - 15*z + 58. Calculate the remainder when 310 is divided by k(5).
13
Let x(q) = q**3 - q**2 - 17*q + 21. Calculate the remainder when 112 is divided by x(5).
4
Let h(n) = 23 - n - 11*n - 9 + n**2. Let j be h(11). Suppose -2*m + 63 = 4*g + 3*m, j*g = -3*m + 45. What is the remainder when 22 is divided by g?
10
Let h = 364 - 250. Let q = -32 + h. What is the remainder when q is divided by 14?
12
Let g = 74 - 56. Suppose 5*p = -3*x + 280, 260 = 6*p - p - x. What is the remainder when p is divided by g?
17
Suppose -2*f - 58 = -4*q, 2*q = -5*f - 0*f - 169. Let m = -25 - f. Suppose -m - 16 = -6*t. Calculate the remainder when 14 is divided by t.
2
Suppose -2 + 10 = 2*v. Suppose -m + v = 0, -3*q - 3*m = 2*q - 97. Let c = 36 - 3. What is the remainder when c is divided by q?
16
Let h(l) = 4*l**2 + l + 19. Calculate the remainder when 127 is divided by h(0).
13
Suppose 81*z = 82*z - 173. What is the remainder when z is divided by 25?
23
Suppose 0 = 4*x + 5*r - 419, 5*x + 14*r - 508 = 13*r. What is the remainder when x is div